{"id":6647,"date":"2020-02-12T16:07:00","date_gmt":"2020-02-12T19:07:00","guid":{"rendered":"https:\/\/franciscohwalz.com.ar\/W\/product\/learm-brazo-robotico-programable-con-sensores\/"},"modified":"2026-03-20T17:13:42","modified_gmt":"2026-03-20T20:13:42","slug":"learm-brazo-robotico-programable-con-sensores","status":"publish","type":"product","link":"https:\/\/franciscohwalz.com.ar\/W\/product\/learm-brazo-robotico-programable-con-sensores\/","title":{"rendered":"Brazo robotico programable con sensores"},"content":{"rendered":"<p>LeArm es un brazo rob\u00f3tico educativo con kit de sensores. La estructura met\u00e1lica 6DOF le permite realizar movimientos en todas las direcciones. Los servomotores de alta precisi\u00f3n son operados por un servocontrolador de 6 canales con m\u00f3dulo bluetooth. Ideal para la ense\u00f1anza de rob\u00f3tica, tecnolog\u00eda y programaci\u00f3n. Los movimientos del brazo se pueden controlar con el control remoto inal\u00e1mbrico, con la aplicaci\u00f3n para tel\u00e9fonos celulares Android y Apple, o con la PC a trav\u00e9s de la interfase gr\u00e1fica que permite la programaci\u00f3n del brazo de manera muy sencilla.<br \/>\nEl kit de sensores es fundamental para ampliar las capacidades del brazo rob\u00f3tico. Incluye sensor ultras\u00f3nico, sensor de luz, sensor de color, sensor de sonido, sensor de tacto, sensor infrarrojo, aceler\u00f3metro, etc.<\/p>\n","protected":false},"excerpt":{"rendered":"<p>LeArm es un brazo rob\u00f3tico educativo con kit de sensores. La estructura met\u00e1lica 6DOF le permite realizar movimientos en todas las direcciones. Los servomotores de alta precisi\u00f3n son operados por un servocontrolador de 6 canales con m\u00f3dulo bluetooth. Ideal para la ense\u00f1anza de rob\u00f3tica, tecnolog\u00eda y programaci\u00f3n. Los movimientos del brazo se pueden controlar con [&hellip;]<\/p>\n","protected":false},"featured_media":3929,"comment_status":"closed","ping_status":"closed","template":"","meta":[],"_links":{"self":[{"href":"https:\/\/franciscohwalz.com.ar\/W\/wp-json\/wp\/v2\/product\/6647"}],"collection":[{"href":"https:\/\/franciscohwalz.com.ar\/W\/wp-json\/wp\/v2\/product"}],"about":[{"href":"https:\/\/franciscohwalz.com.ar\/W\/wp-json\/wp\/v2\/types\/product"}],"replies":[{"embeddable":true,"href":"https:\/\/franciscohwalz.com.ar\/W\/wp-json\/wp\/v2\/comments?post=6647"}],"wp:featuredmedia":[{"embeddable":true,"href":"https:\/\/franciscohwalz.com.ar\/W\/wp-json\/wp\/v2\/media\/3929"}],"wp:attachment":[{"href":"https:\/\/franciscohwalz.com.ar\/W\/wp-json\/wp\/v2\/media?parent=6647"}],"curies":[{"name":"wp","href":"https:\/\/api.w.org\/{rel}","templated":true}]}}