{"id":6767,"date":"2020-02-12T15:52:55","date_gmt":"2020-02-12T18:52:55","guid":{"rendered":"https:\/\/franciscohwalz.com.ar\/W\/product\/voltametro-de-hoffman\/"},"modified":"2026-03-20T17:12:30","modified_gmt":"2026-03-20T20:12:30","slug":"voltametro-de-hoffman","status":"publish","type":"product","link":"https:\/\/franciscohwalz.com.ar\/W\/product\/voltametro-de-hoffman\/","title":{"rendered":"Voltametro de Hoffman"},"content":{"rendered":"<p>Este dispositivo permite demostrar la electr\u00f3lisis del agua. La relaci\u00f3n estequeom\u00e9trica entre el hidr\u00f3geno y el ox\u00edgeno en el agua (dos a uno) se pone en evidencia al cabo de unos minutos. El volumen de ambos gases aumenta conservando siempre esta proporci\u00f3n a medida que la electr\u00f3lisis progresa. Medidas 16x12x43 cm.<\/p>\n","protected":false},"excerpt":{"rendered":"<p>Este dispositivo permite demostrar la electr\u00f3lisis del agua. La relaci\u00f3n estequeom\u00e9trica entre el hidr\u00f3geno y el ox\u00edgeno en el agua (dos a uno) se pone en evidencia al cabo de unos minutos. El volumen de ambos gases aumenta conservando siempre esta proporci\u00f3n a medida que la electr\u00f3lisis progresa. Medidas 16x12x43 cm.<\/p>\n","protected":false},"featured_media":3446,"comment_status":"closed","ping_status":"open","template":"","meta":[],"_links":{"self":[{"href":"https:\/\/franciscohwalz.com.ar\/W\/wp-json\/wp\/v2\/product\/6767"}],"collection":[{"href":"https:\/\/franciscohwalz.com.ar\/W\/wp-json\/wp\/v2\/product"}],"about":[{"href":"https:\/\/franciscohwalz.com.ar\/W\/wp-json\/wp\/v2\/types\/product"}],"replies":[{"embeddable":true,"href":"https:\/\/franciscohwalz.com.ar\/W\/wp-json\/wp\/v2\/comments?post=6767"}],"wp:featuredmedia":[{"embeddable":true,"href":"https:\/\/franciscohwalz.com.ar\/W\/wp-json\/wp\/v2\/media\/3446"}],"wp:attachment":[{"href":"https:\/\/franciscohwalz.com.ar\/W\/wp-json\/wp\/v2\/media?parent=6767"}],"curies":[{"name":"wp","href":"https:\/\/api.w.org\/{rel}","templated":true}]}}