{"id":6786,"date":"2020-02-12T15:53:09","date_gmt":"2020-02-12T18:53:09","guid":{"rendered":"https:\/\/franciscohwalz.com.ar\/W\/product\/generador-de-van-der-graaf-manual-esfera-de-25-cm\/"},"modified":"2026-03-20T17:12:31","modified_gmt":"2026-03-20T20:12:31","slug":"generador-de-van-der-graaf-manual-esfera-de-25-cm","status":"publish","type":"product","link":"https:\/\/franciscohwalz.com.ar\/W\/product\/generador-de-van-der-graaf-manual-esfera-de-25-cm\/","title":{"rendered":"Generador de van der Graaf manual, esf.25 cm diam"},"content":{"rendered":"<p>Generador electrost\u00e1tico de Van der Graaf de gran tama\u00f1o, esfera cromada de 25 cm de di\u00e1metro, base y columnas de acr\u00edlico cristal.  Accionamiento manual. Incluye esfera de descarga, molinete el\u00e9ctrico y penacho el\u00e9ctrico. Altura 75 cm.<\/p>\n","protected":false},"excerpt":{"rendered":"<p>Generador electrost\u00e1tico de Van der Graaf de gran tama\u00f1o, esfera cromada de 25 cm de di\u00e1metro, base y columnas de acr\u00edlico cristal. Accionamiento manual. Incluye esfera de descarga, molinete el\u00e9ctrico y penacho el\u00e9ctrico. Altura 75 cm.<\/p>\n","protected":false},"featured_media":3425,"comment_status":"closed","ping_status":"open","template":"","meta":[],"_links":{"self":[{"href":"https:\/\/franciscohwalz.com.ar\/W\/wp-json\/wp\/v2\/product\/6786"}],"collection":[{"href":"https:\/\/franciscohwalz.com.ar\/W\/wp-json\/wp\/v2\/product"}],"about":[{"href":"https:\/\/franciscohwalz.com.ar\/W\/wp-json\/wp\/v2\/types\/product"}],"replies":[{"embeddable":true,"href":"https:\/\/franciscohwalz.com.ar\/W\/wp-json\/wp\/v2\/comments?post=6786"}],"wp:featuredmedia":[{"embeddable":true,"href":"https:\/\/franciscohwalz.com.ar\/W\/wp-json\/wp\/v2\/media\/3425"}],"wp:attachment":[{"href":"https:\/\/franciscohwalz.com.ar\/W\/wp-json\/wp\/v2\/media?parent=6786"}],"curies":[{"name":"wp","href":"https:\/\/api.w.org\/{rel}","templated":true}]}}