{"id":6812,"date":"2020-02-12T15:53:24","date_gmt":"2020-02-12T18:53:24","guid":{"rendered":"https:\/\/franciscohwalz.com.ar\/W\/product\/plano-inclinado-con-carro-digital\/"},"modified":"2026-03-20T17:12:33","modified_gmt":"2026-03-20T20:12:33","slug":"plano-inclinado-con-carro-digital","status":"publish","type":"product","link":"https:\/\/franciscohwalz.com.ar\/W\/product\/plano-inclinado-con-carro-digital\/","title":{"rendered":"Plano inclinado con carro digital"},"content":{"rendered":"<p>Para descomposici\u00f3n de fuerzas y movimiento uniformemente acelerado. Constituido por un plano de aluminio graduado de 60 cm de largo con polea, un m\u00f3vil de bajo rozamiento, un timer digital , dos fotoc\u00e9lulas y soporte graduable en altura. No incluye juego de pesas. El timer y las fotoc\u00e9lulas pueden utilizarse para distintas experiencias como ca\u00edda libre, etc.<\/p>\n","protected":false},"excerpt":{"rendered":"<p>Para descomposici\u00f3n de fuerzas y movimiento uniformemente acelerado. Constituido por un plano de aluminio graduado de 60 cm de largo con polea, un m\u00f3vil de bajo rozamiento, un timer digital , dos fotoc\u00e9lulas y soporte graduable en altura. No incluye juego de pesas. El timer y las fotoc\u00e9lulas pueden utilizarse para distintas experiencias como ca\u00edda [&hellip;]<\/p>\n","protected":false},"featured_media":3373,"comment_status":"closed","ping_status":"closed","template":"","meta":[],"_links":{"self":[{"href":"https:\/\/franciscohwalz.com.ar\/W\/wp-json\/wp\/v2\/product\/6812"}],"collection":[{"href":"https:\/\/franciscohwalz.com.ar\/W\/wp-json\/wp\/v2\/product"}],"about":[{"href":"https:\/\/franciscohwalz.com.ar\/W\/wp-json\/wp\/v2\/types\/product"}],"replies":[{"embeddable":true,"href":"https:\/\/franciscohwalz.com.ar\/W\/wp-json\/wp\/v2\/comments?post=6812"}],"wp:featuredmedia":[{"embeddable":true,"href":"https:\/\/franciscohwalz.com.ar\/W\/wp-json\/wp\/v2\/media\/3373"}],"wp:attachment":[{"href":"https:\/\/franciscohwalz.com.ar\/W\/wp-json\/wp\/v2\/media?parent=6812"}],"curies":[{"name":"wp","href":"https:\/\/api.w.org\/{rel}","templated":true}]}}