{"id":6839,"date":"2020-02-12T15:53:47","date_gmt":"2020-02-12T18:53:47","guid":{"rendered":"https:\/\/franciscohwalz.com.ar\/W\/product\/banco-optico-con-disco-optico-de-hartl\/"},"modified":"2026-03-20T17:12:35","modified_gmt":"2026-03-20T20:12:35","slug":"banco-optico-con-disco-optico-de-hartl","status":"publish","type":"product","link":"https:\/\/franciscohwalz.com.ar\/W\/product\/banco-optico-con-disco-optico-de-hartl\/","title":{"rendered":"Banco optico con disco optico de Hartl"},"content":{"rendered":"<p>Para demostrar la formaci\u00f3n de im\u00e1genes en lentes convergentes y divergentes y realizar todas las experiencias de \u00f3ptica geom\u00e9trica. Consta de:<\/p>\n<p>1 Riel de aluminio graduado de 120 cm de largo con soportes<br \/>\n6 Soportes universales deslizables<br \/>\n3 Lentes convergentes con soporte<br \/>\n1 Lente divergente con soporte<br \/>\n1 Diafragma objeto con soporte<br \/>\n1 Diafragma de 1 ranura<br \/>\n1 Diafragma de 3 y 5 ranuras<br \/>\n3 Filtros de colores<br \/>\n1 Pantalla blanca graduada<br \/>\n1 Disco \u00f3ptico magn\u00e9tico<br \/>\n1 Prisma trapezoidal con im\u00e1n<br \/>\n1 Prisma rectangular con im\u00e1n<br \/>\n1 Prisma semicil\u00edndrico con im\u00e1n<br \/>\n1 Prisma triangular con im\u00e1n<br \/>\n1 Lente convergente con im\u00e1n<br \/>\n1 Lente divergente con im\u00e1n<br \/>\n1 Espejo de curvatura variable con im\u00e1n<br \/>\n1 Fuente de iluminaci\u00f3n de 12V con im\u00e1n y soporte.<br \/>\n2 Cables de conexi\u00f3n con fichas banana<\/p>\n","protected":false},"excerpt":{"rendered":"<p>Para demostrar la formaci\u00f3n de im\u00e1genes en lentes convergentes y divergentes y realizar todas las experiencias de \u00f3ptica geom\u00e9trica. Consta de: 1 Riel de aluminio graduado de 120 cm de largo con soportes 6 Soportes universales deslizables 3 Lentes convergentes con soporte 1 Lente divergente con soporte 1 Diafragma objeto con soporte 1 Diafragma de [&hellip;]<\/p>\n","protected":false},"featured_media":3405,"comment_status":"closed","ping_status":"open","template":"","meta":[],"_links":{"self":[{"href":"https:\/\/franciscohwalz.com.ar\/W\/wp-json\/wp\/v2\/product\/6839"}],"collection":[{"href":"https:\/\/franciscohwalz.com.ar\/W\/wp-json\/wp\/v2\/product"}],"about":[{"href":"https:\/\/franciscohwalz.com.ar\/W\/wp-json\/wp\/v2\/types\/product"}],"replies":[{"embeddable":true,"href":"https:\/\/franciscohwalz.com.ar\/W\/wp-json\/wp\/v2\/comments?post=6839"}],"wp:featuredmedia":[{"embeddable":true,"href":"https:\/\/franciscohwalz.com.ar\/W\/wp-json\/wp\/v2\/media\/3405"}],"wp:attachment":[{"href":"https:\/\/franciscohwalz.com.ar\/W\/wp-json\/wp\/v2\/media?parent=6839"}],"curies":[{"name":"wp","href":"https:\/\/api.w.org\/{rel}","templated":true}]}}