{"id":6842,"date":"2020-02-12T15:54:01","date_gmt":"2020-02-12T18:54:01","guid":{"rendered":"https:\/\/franciscohwalz.com.ar\/W\/product\/formacion-de-imagenes-en-espejos-en-angulo-parale\/"},"modified":"2026-03-20T17:12:35","modified_gmt":"2026-03-20T20:12:35","slug":"formacion-de-imagenes-en-espejos-en-angulo-parale","status":"publish","type":"product","link":"https:\/\/franciscohwalz.com.ar\/W\/product\/formacion-de-imagenes-en-espejos-en-angulo-parale\/","title":{"rendered":"Formacion de imagenes espejos en angulos\/paralelos"},"content":{"rendered":"<p>Para estudiar la formaci\u00f3n de im\u00e1genes en espejos en \u00e1ngulo y paralelos.<\/p>\n","protected":false},"excerpt":{"rendered":"<p>Para estudiar la formaci\u00f3n de im\u00e1genes en espejos en \u00e1ngulo y paralelos.<\/p>\n","protected":false},"featured_media":3409,"comment_status":"closed","ping_status":"open","template":"","meta":[],"_links":{"self":[{"href":"https:\/\/franciscohwalz.com.ar\/W\/wp-json\/wp\/v2\/product\/6842"}],"collection":[{"href":"https:\/\/franciscohwalz.com.ar\/W\/wp-json\/wp\/v2\/product"}],"about":[{"href":"https:\/\/franciscohwalz.com.ar\/W\/wp-json\/wp\/v2\/types\/product"}],"replies":[{"embeddable":true,"href":"https:\/\/franciscohwalz.com.ar\/W\/wp-json\/wp\/v2\/comments?post=6842"}],"wp:featuredmedia":[{"embeddable":true,"href":"https:\/\/franciscohwalz.com.ar\/W\/wp-json\/wp\/v2\/media\/3409"}],"wp:attachment":[{"href":"https:\/\/franciscohwalz.com.ar\/W\/wp-json\/wp\/v2\/media?parent=6842"}],"curies":[{"name":"wp","href":"https:\/\/api.w.org\/{rel}","templated":true}]}}