{"id":6846,"date":"2020-02-12T15:54:01","date_gmt":"2020-02-12T18:54:01","guid":{"rendered":"https:\/\/franciscohwalz.com.ar\/W\/product\/espejo-plano-con-soporte-graduable\/"},"modified":"2026-03-20T17:12:35","modified_gmt":"2026-03-20T20:12:35","slug":"espejo-plano-con-soporte-graduable","status":"publish","type":"product","link":"https:\/\/franciscohwalz.com.ar\/W\/product\/espejo-plano-con-soporte-graduable\/","title":{"rendered":"Espejo plano con soporte graduable"},"content":{"rendered":"<p>Para observar la formaci\u00f3n de im\u00e1genes en espejos planos. Di\u00e1metro 10 cm.<\/p>\n","protected":false},"excerpt":{"rendered":"<p>Para observar la formaci\u00f3n de im\u00e1genes en espejos planos. Di\u00e1metro 10 cm.<\/p>\n","protected":false},"featured_media":3408,"comment_status":"closed","ping_status":"open","template":"","meta":[],"_links":{"self":[{"href":"https:\/\/franciscohwalz.com.ar\/W\/wp-json\/wp\/v2\/product\/6846"}],"collection":[{"href":"https:\/\/franciscohwalz.com.ar\/W\/wp-json\/wp\/v2\/product"}],"about":[{"href":"https:\/\/franciscohwalz.com.ar\/W\/wp-json\/wp\/v2\/types\/product"}],"replies":[{"embeddable":true,"href":"https:\/\/franciscohwalz.com.ar\/W\/wp-json\/wp\/v2\/comments?post=6846"}],"wp:featuredmedia":[{"embeddable":true,"href":"https:\/\/franciscohwalz.com.ar\/W\/wp-json\/wp\/v2\/media\/3408"}],"wp:attachment":[{"href":"https:\/\/franciscohwalz.com.ar\/W\/wp-json\/wp\/v2\/media?parent=6846"}],"curies":[{"name":"wp","href":"https:\/\/api.w.org\/{rel}","templated":true}]}}