{"id":7130,"date":"2020-02-12T15:58:43","date_gmt":"2020-02-12T18:58:43","guid":{"rendered":"https:\/\/franciscohwalz.com.ar\/W\/product\/lupa-binocular-modelo-s-10-p\/"},"modified":"2026-03-20T17:13:01","modified_gmt":"2026-03-20T20:13:01","slug":"lupa-binocular-modelo-s-10-p","status":"publish","type":"product","link":"https:\/\/franciscohwalz.com.ar\/W\/product\/lupa-binocular-modelo-s-10-p\/","title":{"rendered":"Lupa Binocular modelo S-10-P"},"content":{"rendered":"<p>Lupa binocular modelo S-10-P. Estativo con regulaci\u00f3n de altura. Cabezal binocular recto, con ajuste interpupilar 55-75 mm y di\u00f3ptrico \u00b1 5 d. Objetivo intercambiable de 2x. Oculares 10x WF.  Aumentos totales 20x. Enfoque macrom\u00e9trico bilateral por pi\u00f1\u00f3n y cremallera. Pinzas de sujeci\u00f3n. Disco portaobjetos blanco\/negro de 60 mm de di\u00e1metro. Opcionales: Oculares 20x WF, Objetivos 4x y 6x. Medidas 11.5x17x27.5 cm.<\/p>\n","protected":false},"excerpt":{"rendered":"<p>Lupa binocular modelo S-10-P. Estativo con regulaci\u00f3n de altura. Cabezal binocular recto, con ajuste interpupilar 55-75 mm y di\u00f3ptrico \u00b1 5 d. Objetivo intercambiable de 2x. Oculares 10x WF. Aumentos totales 20x. Enfoque macrom\u00e9trico bilateral por pi\u00f1\u00f3n y cremallera. Pinzas de sujeci\u00f3n. Disco portaobjetos blanco\/negro de 60 mm de di\u00e1metro. Opcionales: Oculares 20x WF, Objetivos [&hellip;]<\/p>\n","protected":false},"featured_media":3847,"comment_status":"closed","ping_status":"closed","template":"","meta":[],"_links":{"self":[{"href":"https:\/\/franciscohwalz.com.ar\/W\/wp-json\/wp\/v2\/product\/7130"}],"collection":[{"href":"https:\/\/franciscohwalz.com.ar\/W\/wp-json\/wp\/v2\/product"}],"about":[{"href":"https:\/\/franciscohwalz.com.ar\/W\/wp-json\/wp\/v2\/types\/product"}],"replies":[{"embeddable":true,"href":"https:\/\/franciscohwalz.com.ar\/W\/wp-json\/wp\/v2\/comments?post=7130"}],"wp:featuredmedia":[{"embeddable":true,"href":"https:\/\/franciscohwalz.com.ar\/W\/wp-json\/wp\/v2\/media\/3847"}],"wp:attachment":[{"href":"https:\/\/franciscohwalz.com.ar\/W\/wp-json\/wp\/v2\/media?parent=7130"}],"curies":[{"name":"wp","href":"https:\/\/api.w.org\/{rel}","templated":true}]}}