{"id":7162,"date":"2020-02-12T15:58:56","date_gmt":"2020-02-12T18:58:56","guid":{"rendered":"https:\/\/franciscohwalz.com.ar\/W\/product\/ojo-desm-6-partes-tamano-agrandado-6-veces\/"},"modified":"2026-03-20T17:13:03","modified_gmt":"2026-03-20T20:13:03","slug":"ojo-desm-6-partes-tamano-agrandado-6-veces","status":"publish","type":"product","link":"https:\/\/franciscohwalz.com.ar\/W\/product\/ojo-desm-6-partes-tamano-agrandado-6-veces\/","title":{"rendered":"Ojo desm. 6 partes, tama\u00f1o agrandado 6 veces"},"content":{"rendered":"<p>Modelo desmontable en 6 partes. Construido en material pl\u00e1stico. Tama\u00f1o aumentado 6 veces, con cornea, iris, cristalino y humor v\u00edtreo. Muestra sistema muscular y vascular y las tres membranas: escler\u00f3tica, coroides y retina en corte transversal a la altura del nervio \u00f3ptico. Medidas  15x15x15 cm.<\/p>\n","protected":false},"excerpt":{"rendered":"<p>Modelo desmontable en 6 partes. Construido en material pl\u00e1stico. Tama\u00f1o aumentado 6 veces, con cornea, iris, cristalino y humor v\u00edtreo. Muestra sistema muscular y vascular y las tres membranas: escler\u00f3tica, coroides y retina en corte transversal a la altura del nervio \u00f3ptico. Medidas 15x15x15 cm.<\/p>\n","protected":false},"featured_media":3732,"comment_status":"closed","ping_status":"open","template":"","meta":[],"_links":{"self":[{"href":"https:\/\/franciscohwalz.com.ar\/W\/wp-json\/wp\/v2\/product\/7162"}],"collection":[{"href":"https:\/\/franciscohwalz.com.ar\/W\/wp-json\/wp\/v2\/product"}],"about":[{"href":"https:\/\/franciscohwalz.com.ar\/W\/wp-json\/wp\/v2\/types\/product"}],"replies":[{"embeddable":true,"href":"https:\/\/franciscohwalz.com.ar\/W\/wp-json\/wp\/v2\/comments?post=7162"}],"wp:featuredmedia":[{"embeddable":true,"href":"https:\/\/franciscohwalz.com.ar\/W\/wp-json\/wp\/v2\/media\/3732"}],"wp:attachment":[{"href":"https:\/\/franciscohwalz.com.ar\/W\/wp-json\/wp\/v2\/media?parent=7162"}],"curies":[{"name":"wp","href":"https:\/\/api.w.org\/{rel}","templated":true}]}}