{"id":7226,"date":"2020-02-12T15:59:49","date_gmt":"2020-02-12T18:59:49","guid":{"rendered":"https:\/\/franciscohwalz.com.ar\/W\/product\/autoclave-vertical-de-mesa-electrica\/"},"modified":"2026-03-20T17:13:06","modified_gmt":"2026-03-20T20:13:06","slug":"autoclave-vertical-de-mesa-electrica","status":"publish","type":"product","link":"https:\/\/franciscohwalz.com.ar\/W\/product\/autoclave-vertical-de-mesa-electrica\/","title":{"rendered":"Autoclave vertical de mesa electrica"},"content":{"rendered":"<p>Autoclave de mesa de 18 litros. Cuerpo y tapa de acero inoxidable. Tambor de esterilizaci\u00f3n en plancha de aluminio laminado en fr\u00edo. V\u00e1lvula de seguridad. V\u00e1lvula de escape. Man\u00f3metro. Medidas del tambor: 28 x 26 cm. Presi\u00f3n m\u00e1xima de trabajo: 1.5 kg\/cm 0.14 mpa=136\u00b0C. Capacidad: 18 litros aproximadamente. Peso:14.5 kg.<\/p>\n","protected":false},"excerpt":{"rendered":"<p>Autoclave de mesa de 18 litros. Cuerpo y tapa de acero inoxidable. Tambor de esterilizaci\u00f3n en plancha de aluminio laminado en fr\u00edo. V\u00e1lvula de seguridad. V\u00e1lvula de escape. Man\u00f3metro. Medidas del tambor: 28 x 26 cm. Presi\u00f3n m\u00e1xima de trabajo: 1.5 kg\/cm 0.14 mpa=136\u00b0C. Capacidad: 18 litros aproximadamente. Peso:14.5 kg.<\/p>\n","protected":false},"featured_media":3696,"comment_status":"closed","ping_status":"closed","template":"","meta":[],"_links":{"self":[{"href":"https:\/\/franciscohwalz.com.ar\/W\/wp-json\/wp\/v2\/product\/7226"}],"collection":[{"href":"https:\/\/franciscohwalz.com.ar\/W\/wp-json\/wp\/v2\/product"}],"about":[{"href":"https:\/\/franciscohwalz.com.ar\/W\/wp-json\/wp\/v2\/types\/product"}],"replies":[{"embeddable":true,"href":"https:\/\/franciscohwalz.com.ar\/W\/wp-json\/wp\/v2\/comments?post=7226"}],"wp:featuredmedia":[{"embeddable":true,"href":"https:\/\/franciscohwalz.com.ar\/W\/wp-json\/wp\/v2\/media\/3696"}],"wp:attachment":[{"href":"https:\/\/franciscohwalz.com.ar\/W\/wp-json\/wp\/v2\/media?parent=7226"}],"curies":[{"name":"wp","href":"https:\/\/api.w.org\/{rel}","templated":true}]}}