{"id":9903,"date":"2020-04-29T21:02:38","date_gmt":"2020-04-30T00:02:38","guid":{"rendered":"https:\/\/franciscohwalz.com.ar\/product\/alcohol-en-gel-5-litros\/"},"modified":"2026-03-20T17:13:43","modified_gmt":"2026-03-20T20:13:43","slug":"alcohol-en-gel-5-litros","status":"publish","type":"product","link":"https:\/\/franciscohwalz.com.ar\/W\/product\/alcohol-en-gel-5-litros\/","title":{"rendered":"Alcohol en gel &#8211; 5 litros"},"content":{"rendered":"<p>Alcohol et\u00edlico al 70% en GEL x 5 litros. En bid\u00f3n pl\u00e1stico.<\/p>\n","protected":false},"excerpt":{"rendered":"<p>Alcohol et\u00edlico al 70% en GEL x 5 litros. En bid\u00f3n pl\u00e1stico.<\/p>\n","protected":false},"featured_media":9891,"comment_status":"closed","ping_status":"closed","template":"","meta":[],"_links":{"self":[{"href":"https:\/\/franciscohwalz.com.ar\/W\/wp-json\/wp\/v2\/product\/9903"}],"collection":[{"href":"https:\/\/franciscohwalz.com.ar\/W\/wp-json\/wp\/v2\/product"}],"about":[{"href":"https:\/\/franciscohwalz.com.ar\/W\/wp-json\/wp\/v2\/types\/product"}],"replies":[{"embeddable":true,"href":"https:\/\/franciscohwalz.com.ar\/W\/wp-json\/wp\/v2\/comments?post=9903"}],"wp:featuredmedia":[{"embeddable":true,"href":"https:\/\/franciscohwalz.com.ar\/W\/wp-json\/wp\/v2\/media\/9891"}],"wp:attachment":[{"href":"https:\/\/franciscohwalz.com.ar\/W\/wp-json\/wp\/v2\/media?parent=9903"}],"curies":[{"name":"wp","href":"https:\/\/api.w.org\/{rel}","templated":true}]}}